ert 101001010011000011110 (base 2) to base 7.
14334216
-1174472 (base 10) to base 14
-22802c
1110000100110011 (base 2) to base 7
330036
42521423 (base 6) to base 4
10302113313
11001001001111010 (base 2) to base 15
207de
What is 1221122021 (base 4) in base 15?
87dd8
What is 1080910 (base 11) in base 4?
13031113331
What is 41c330 (base 15) in base 7?
35412312
Convert -5918d (base 16) to base 9.
-615540
What is -2a1407 (base 12) in base 11?
-443482
What is 33d41 (base 14) in base 15?
2755a
What is 111011110110101000111 (base 2) in base 12?
7a7007
-11a5120 (base 11) to base 4
-13331032330
-10443105 (base 8) to base 7
-25043504
Convert -1050300 (base 11) to base 4.
-13002132021
Convert 32a35b1 (base 12) to base 2.
100100111000100110010101
-114457b (base 12) to base 8
-14537057
What is 11483 (base 14) in base 4?
22101023
Convert -12666510 (base 8) to base 16.
-2b6d48
What is -237dc (base 14) in base 2?
-10101001001100110
Convert -443503 (base 8) to base 5.
-14234230
What is -1566838 (base 9) in base 2?
-11010100101011000101
-18421 (base 12) to base 4
-20211121
Convert 496970 (base 11) to base 16.
bfae5
Convert 33322232022 (base 4) to base 7.
50316153
Convert -68376 (base 13) to base 5.
-22031141
Convert 2111220012211 (base 3) to base 4.
11012101132
Convert -256178 (base 12) to base 8.
-2253154
-253739 (base 12) to base 9
-1125400
1e1981 (base 15) to base 9
2685414
Convert -323320040 (base 5) to base 13.
-396911
Convert 564742 (base 8) to base 15.
3b89b
-14977 (base 13) to base 12
-1a674
Convert 23130302 (base 4) to base 13.
18467
What is 1415005325 (base 6) in base 4?
1002002031311
What is 11000000000101111 (base 2) in base 9?
158818
What is -73759 (base 12) in base 2?
-100100111101110101
Convert -1503462 (base 9) to base 3.
-1120010112002
-316de (base 16) to base 15
-3eec7
What is -84372 (base 13) in base 15?
-4a736
What is 22111322010 (base 4) in base 7?
32021202
Convert 21000212021 (base 3) to base 8.
416251
Convert 2431025 (base 8) to base 14.
135713
10453332 (base 8) to base 9
4210038
-b7aa70 (base 13) to base 7
-51421323
1215d (base 15) to base 3
2221010121
Convert -438dc0 (base 14) to base 6.
-121035244
What is -1100011100110010101 (base 2) in base 14?
-a895b
What is -1220220220200 (base 3) in base 4?
-3321200223
b148f (base 16) to base 11
456635
What is 13131013122 (base 4) in base 6?
105515310
Convert -124465600 (base 7) to base 13.
-185bbac
What is 532501 (base 7) in base 9?
150381
-2a197 (base 11) to base 14
-11867
Convert 25762 (base 16) to base 15.
306e7
What is -100200222002 (base 3) in base 14?
-4d84d
Convert -1123302 (base 7) to base 10.
-140436
-196036 (base 11) to base 15
-5e215
What is 121001001211 (base 3) in base 15?
63821
Convert 519935 (base 13) to base 8.
7213274
4b393 (base 14) to base 3
100101011202
168075 (base 9) to base 14
2a031
Convert -9225 (base 10) to base 5.
-243400
Convert 1130011021 (base 4) to base 5.
44032121
What is -730b (base 12) in base 11?
-946a
Convert -58eb3 (base 15) to base 16.
-45333
What is -11001110110110111000000 (base 2) in base 4?
-121312313000
What is 20201111200 (base 3) in base 6?
2500330
aa22 (base 13) to base 2
101110010001000
What is -632455 (base 7) in base 4?
-122212213
Convert 4152141 (base 7) to base 4.
1322013030
-10004101130 (base 5) to base 7
-146365006
What is -69429 (base 10) in base 6?
-1253233
-13256043 (base 8) to base 11
-1750491
Convert 240143 (base 9) to base 3.
21100011110
-78a3bb (base 14) to base 15
-55ed79
4016201 (base 7) to base 14
c5238
Convert -18c668 (base 13) to base 11.
-399293
What is -4113542 (base 6) in base 15?
-3d385
Convert 4621b (base 15) to base 13.
7a7b3
11003223110 (base 4) to base 14
267228
Convert 3399 (base 16) to base 15.
3da9
Convert 2714393 (base 10) to base 5.
1143330033
What is 1429a80 (base 11) in base 2?
1001011000001011010100
What is 424551 (base 7) in base 2?
10001111111010011
-77ba9f (base 16) to base 13
-1819646
What is 125041 (base 8) in base 16?
aa21
Convert 784183 (base 9) to base 14.
c2c51
500581 (base 9) to base 6
10201031
-26301256 (base 8) to base 14
-ac9b54
What is -10021023 (base 5) in base 15?
-1885d
What is 4455144 (base 7) in base 5?
120123000
What is -1ee5a6 (base 15) in base 16?
-172470
What is -185256a (base 13) in base 11?
-4537457
71e238 (base 15) to base 9
11161548
What is -1010531 (base 7) in base 16?
-1d5fd
Convert -1231438 (base 12) to base 7.
-42105422
Convert -18b8a65 (base 13) to base 8.
-37010161
1130230323 (base 4) to base 8
1345473
-2101110201012 (base 3) to base 13
-355799
-80025 (base 11) to base 8
-344643
104412541 (base 6) to base 14
376229
Convert -11135415 (base 7) to base 8.
-3540725
53351124 (base 6) to base 10
1569724
Convert 2312011110 (base 4) to base 5.
142331222
What is -146731 (base 9) in base 4?
-112002112
Convert 852ba (base 16) to base 3.
1000201020110
Convert -3326384 (base 13) to base 14.
-211ac89
What is ad906a (base 15) in base 13?
193cacb
What is e7a35 (base 16) in base 15?
13b1c9
bbe9 (base 16) to base 6
1010413
What is -10101141441 (base 5) in base 6?
-1002051110
-200341240 (base 6) to base 2
-1100111011001010011000
Convert -1011001001001011 (base 2) to base 3.
-2022121111
-6d004 (base 14) to base 15
-53cec
9cbdc3 (base 16) to base 3
201022212210200
2521413 (base 7) to base 9
544340
What is -1532560 (base 7) in base 3?
-101122212121
Convert -227468 (base 10) to base 3.
-102120000202
adc5a (base 14) to base 15
851ae
-176de5 (base 16) to base 2
-101110110110111100101
What is -1223214 (base 7) in base 16?
-26613
Convert 4441335 (base 6) to base 2.
110110100000011011
Convert 20353003 (base 6) to base 10.
590331
Convert 5470407 (base 8) to base 12.
5ab147
192c0b (base 14) to base 13
252989
Convert -84ab6 (base 12) to base 11.
-10a016
-4642b (base 13) to base 9
-214686
2851732 (base 9) to base 11
982131
-559b7 (base 14) to base 12
-a0265
3292877 (base 12) to base 16
93335b
What is 17673505 (base 9) in base 12?
2b95a42
716140 (base 11) to base 15
17abb9
-4a759 (base 11) to base 12
-36155
-28095 (base 12) to base 10
-55409
-3446653 (base 7) to base 3
-210221211021
What is 535447 (base 8) in base 7?
1343550
-23045114 (base 6) to base 15
-de36a
a1a76 (base 11) to base 4
210120222
-33b833 (base 14) to base 12
-70a999
Convert 42212 (base 10) to base 3.
2010220102
What is 44031 (base 7) in base 3?
120002100
31113111122 (base 4) to base 16
35755a
What is 1053891 (base 12) in base 2?
1011110011111000101101
5202332 (base 7) to base 6
21202535
-1101120122121 (base 3) to base 10
-739681
Convert -10001010110111011 (base 2) to base 11.
-49466
What is -13340404 (base 7) in base 8?
-4557353
34444121 (base 7) to base 15
3e99e8
What is -100434216 (base 7) in base 11?
-332a241
-a4052 (base 11) to base 13
-54123
Convert 13410132 (base 5) to base 15.
2ae12
2210001102112 (base 3) to base 4
11220222101
What is -232102113 (base 4) in base 10?
-189591
What is -2a259 (base 11) in base 15?
-ca9d
What is -3829a0 (base 12) in base 2?
-11011111111100001000
12001211202 (base 3) to base 6
2045502
What is -22112020222 (base 3) in base 6?
-3333042
3021011 (base 4) to base 16
3245
Convert 10001010100111111 (base 2) to base 14.
1bc19
Convert -101101000111000001 (base 2) to base 6.
-3543225
-6d4a23 (base 15) to base 12
-1902866
-1184272 (base 9) to base 5
-131133441
What is 101000101100010100 (base 2) in base 8?
505424
What is 33021011 (base 7) in base 4?
22302212321
What is -20a775 (base 13) in base 6?
-24225311
What is 211100221222 (base 3) in base 6?
13234212
What is 12330044 (base 5) in base 11?
82711
Convert 3311434142 (base 5) to base 2.
11011001111001001010010
What is -4496 (base 13) in base 5?
-301322
-167a7a (base 16) to base 11
-916884
What is 21962 (base 16) in base 7?
1112036
What is -259a6 (base 11) in base 2?
-1001000100010110
Convert -315259 (base 11) to base 13.
-148994
-67a23 (base 12) to base 15
-2ad39
What is 3b436a (base 12) in base 7?
11230012
Convert 2301161 (base 9) to base 12.
4ba13a
Convert 112504546 (base 7) to base 4.
122112312100
Convert -312202100 (base 5) to base 13.
-3611c8
Convert -1070515 (base 9) to base 5.
-121442122
What is -10b6ba (base 15) in base 4?
-3002311021
-12211131112 (base 4) to base 9
-3221024
What is 4512 (base 8) in base 5?
34003
Convert -128209 (base 13) to base 12.
-19636a
Conver